What are the prime factors of n(14)?
2, 11
List the prime factors of (-40)/(2520/(-1847637)) - 3/(-7).
2, 3, 13, 47
Let k(a) = -a**2 + 8*a - 12. Let q be k(6). Suppose q = -3*m + 4*m + 12. Let b(u) = -15*u + 9. What are the prime factors of b(m)?
3, 7
Suppose 0 = 2*k + 1273 + 267. List the prime factors of (-128)/10*k/44.
2, 7
Suppose 7 = 2*l - t, 4*l = 4*t - 0*t + 16. Let a(y) = 4*y**2 + y + l*y + 9 + 7*y. What are the prime factors of a(-4)?
29
Suppose -20*y = -15*y - 10. Suppose q = 2*t + 1, 0 = 4*t - 2*q - y*q + 4. Suppose t = -4*d - 4*c + 324, -2*d - 2*c + 3*c + 153 = 0. List the prime factors of d.
2, 3, 13
Suppose -24*l + 1104507 = -629111 - 97486. What are the prime factors of l?
2, 3, 11, 17
Suppose -b + 28*i - 26*i = -23489, -46969 = -2*b - 5*i. What are the prime factors of b?
3, 7829
Let q(p) = -5*p**2 + 2*p + 17. Let j be q(-5). Let l = 638 - j. Suppose -5*a + 5*w + 807 = -108, -4*w + l = 4*a. What are the prime factors of a?
2, 3, 31
Let i = -30000 + 42545. Suppose -14*q + i = -q. List the prime factors of q.
5, 193
Let j(f) = 2546*f**2 + 45*f + 31. What are the prime factors of j(4)?
3, 13649
Let i be (0 + 1)/((-9)/(-7344)*2). Suppose 4*j + 4*a = i, -8*j + 5*j - 4*a = -302. What are the prime factors of j?
2, 53
Suppose 3*n = -2*g + 91, -2 = -n - 3*g + 8*g. Suppose 12*t + 15405 = n*t. List the prime factors of t.
13, 79
Let h(q) = q**3 - 7*q**2 + 103*q - 82. List the prime factors of h(21).
5, 13, 127
Let s be (11 - 6)*(3 + -2). Let r(q) = 2*q**3 - 12*q + 2. List the prime factors of r(s).
2, 3
Suppose -97*x + 99*x = 62860. What are the prime factors of x?
2, 5, 7, 449
Let m(s) = 2*s**2 - 21*s - 3. Let l be m(11). Suppose l = -3*z + 5*z. Suppose 4*u + 836 = z*c, 4*c - 818 = u - 6*u. List the prime factors of c.
3, 23
Let c be (4 + 8)*2/4. Let s(z) be the second derivative of -z**4/12 + 4*z**3/3 + 10*z**2 - z - 128. What are the prime factors of s(c)?
2
What are the prime factors of -15 + 9 + 290/(-50)*(2 + -157)?
19, 47
Let x(s) = 2*s**2 + 20*s - 7. Let t be x(4). What are the prime factors of t/(-20)*(-7160)/30?
7, 179
Let a = 2150 - 874. What are the prime factors of 0 - (-5 - a - 0)?
3, 7, 61
List the prime factors of 1422/(-395)*(-2 + (13814/(-4) - -3)).
3, 1381
Let j = -24008 + 60239. List the prime factors of j.
3, 13, 929
Let b = 783 + 7051. List the prime factors of b.
2, 3917
Suppose -6*o + 122606 = -57208. What are the prime factors of o?
23, 1303
Let t(f) = f**3 - 10*f**2 - 9*f - 15. Let x be t(11). Suppose -6*u + x*u - 159 = 0. What are the prime factors of u?
3, 53
Let v(m) = 5*m**3 - 1. Let o be v(-1). Let f be 5/(15/o - -2). What are the prime factors of (2*-26)/(f/15)?
2, 3, 13
Let q be 0/((4 + -3)*-2). Let n be (-8)/(-52) + (-20781)/(-39). Suppose -11*c + 556 + n = q. List the prime factors of c.
3, 11
List the prime factors of 248/(-8*8/(-512)) - 8.
2, 13, 19
Let a = 71 + -73. Let p be 8/(-3*a/(-48)). Let q = 156 + p. What are the prime factors of q?
2, 23
Let z = 61342 - 37825. List the prime factors of z.
3, 13, 67
List the prime factors of 535915/30 + (-30)/36.
17863
Suppose 5*j = 2*r + 76100 + 3546, -63721 = -4*j + 3*r. List the prime factors of j.
2, 11, 181
Suppose 0 = 35*x - 5*x - 14100. Suppose 3*j - x = j. List the prime factors of j.
5, 47
Suppose -5*h + 23 = 2*i, -25*h + 27*h + i - 9 = 0. Suppose -5*k + 3857 = 3*t, -h*k + 2*t + 1530 = -3*k. List the prime factors of k.
769
Let k be 8/((4 + -1)/(-18)). Let t = 49 + k. List the prime factors of 329/7*2/(t - -1).
47
Let b(w) = 3*w**3 + 9*w**2 + 4*w - 16. Let x(d) = -d**3 + d**2 - d - 1. Let h(i) = b(i) + 2*x(i). Let g = -47 - -38. What are the prime factors of h(g)?
2, 3, 7
Let r(d) = 54*d**2 + 6*d - 27. Let a(o) = -2*o**2. Let l(q) = 18*a(q) + r(q). List the prime factors of l(-7).
3, 271
Let i = 59633 + -35513. List the prime factors of i.
2, 3, 5, 67
Let f(i) = 1586*i - 12. Let y be f(2). Let w be y/32 - (-3)/12. Suppose 0 = -r - 3*r + 16, -2*r + w = q. List the prime factors of q.
7, 13
Suppose -2170 = -3*f - 4*c + 16107, 4*f = 2*c + 24384. What are the prime factors of f?
5, 23, 53
Let b(x) = -5*x + x**3 + 2*x**2 + x**3 + x - 2 + 3*x. Let w be b(-1). List the prime factors of w*-1*(-1 + 152).
151
Let q be 7/((-28)/(-8)) + 6/(-3). Suppose 4*w - 27 = -5*m, q = -3*m + 3*w + 23 + 4. Suppose -m*d - 32 + 788 = 0. What are the prime factors of d?
2, 3
Let w = 555 + -97. List the prime factors of w - (0 - -2 - 2).
2, 229
Suppose 3*m = -o - 3*o + 152, 0 = -5*o + 5*m + 190. Let c(p) = o + 33 - p**3 + 3*p**2 - 18 - p + 2*p**3. What are the prime factors of c(0)?
53
Suppose -5*c + 47 = 4*f + 6, f + 6 = 2*c. Suppose 5*a = 5*l + 45, 2*a - f*l + 0*l - 20 = 0. List the prime factors of 4*((-1940)/a)/(-5).
2, 97
List the prime factors of 4921 + 7 - 19 - -4.
17
Let d(f) = -3*f + 3*f**2 + 2*f - f**2 + 97 + 623. Let z be d(0). Suppose 3*g = -l + 162, 0 = 5*l + 4*g - 7*g - z. What are the prime factors of l?
3, 7
Let f = 81245 + -45247. List the prime factors of f.
2, 41, 439
Let a = 17521 + -11155. List the prime factors of a.
2, 3, 1061
Let w be (-1)/(-3) + 31304/156. Let n = 102 - -63. Suppose -w = -3*i + n. What are the prime factors of i?
2, 61
Let k(a) = -3180*a - 129. What are the prime factors of k(-2)?
3, 31, 67
Let j(o) be the second derivative of o**5/20 - 2*o**4/3 + 2*o**3/3 + 15*o**2/2 - 43*o. List the prime factors of j(9).
2, 3, 11
Suppose -2*j + 5*d + 382 = 0, 2*j = 3*j - d - 191. Let y = 153 + j. What are the prime factors of y?
2, 43
Suppose -3*h - 108 = y, 5*h - 6*h + 484 = -4*y. What are the prime factors of ((-1)/3 + 1)/(y/(-86220))?
479
Let x(i) = i**2 - 18*i + 9. Let w(k) = k + 1. Let c(p) = 4*w(p) - x(p). Let m be 1 + -1 - ((-12 - 6) + 10). What are the prime factors of c(m)?
107
Let j(k) = -19*k - 62. Let t(q) = 54*q + 188. Let c(w) = 17*j(w) + 6*t(w). List the prime factors of c(6).
2, 5
Suppose 10*y + 2 = 11*y. Suppose y*h - w + 19 = 58, 111 = 5*h + 2*w. What are the prime factors of h?
3, 7
Suppose 0 = 2*r + 18, 5*s - 131841 = 58*r - 59*r. List the prime factors of s.
2, 3, 5, 293
Let r(w) = -16*w**3 + 4*w**2 + w + 3. Let x(u) = 49*u**3 - 11*u**2 - 4*u - 10. Let n(j) = 7*r(j) + 2*x(j). List the prime factors of n(-3).
2, 109
Suppose -5*r + 77 = 4*k, 0 = -r - 2*k + 20 - 1. Suppose r*w = -3603 + 20139. What are the prime factors of w?
2, 3, 53
Let n(g) = 3*g**2 + 19*g + 32. Let w be n(-10). Suppose v - w = 59. List the prime factors of v.
3, 67
Let y(x) = 7*x + 932. Suppose z + 20 = 5*l, 0*z - 2*z - 20 = -5*l. List the prime factors of y(z).
2, 233
Suppose 193261 = 44*r - 43547. What are the prime factors of r?
2, 3, 13, 23
List the prime factors of 101102/12 - 32/192.
5, 337
Suppose 0*s - 11*s = -44. Suppose 5*z - 12 = -d + 3, s*z - 8 = 0. List the prime factors of (-25)/(-6)*30/d.
5
Suppose 5*b - v - 81066 = 0, v + 48642 = 72*b - 69*b. List the prime factors of b.
2, 3, 7, 193
Let k(u) = 57*u + 16. Let b = -873 + 889. What are the prime factors of k(b)?
2, 29
Suppose -5*t - 10 = 5*n, -2*n + 4*t - 1 + 21 = 0. Let o be (n - -1)/((-17)/17). What are the prime factors of (1 + -10)/(o/39)?
3, 13
Let j = -455 - -468. Let n = 77 + j. What are the prime factors of n?
2, 3, 5
Let x(j) = 11*j**2 - 50*j + 252. What are the prime factors of x(10)?
2, 3, 71
Suppose -975 - 95 = -5*z. Suppose 5*r = 3*m - z, -r + 64 = -3*m + 258. Suppose -p + 19 = -f, -2*p + f + m = p. What are the prime factors of p?
2, 11
Suppose -2652 = -8*k + 25588. List the prime factors of k.
2, 5, 353
List the prime factors of ((-46)/(-667) - 664433/203)/((-1)/23).
3, 23, 1091
Let r(m) = 5*m**2 - 47*m + 68. List the prime factors of r(27).
2, 13, 47
Let d be 2*(4/10 + 105/50). Suppose d*b - 2*w - 56 = 0, -2*b - 2*w + 14 = -0*w. What are the prime factors of b?
2, 5
Let j(b) = -b + 18. Suppose -x - 3 + 7 = 0. Let u = -11 + x. What are the prime factors of j(u)?
5
Let r be (3/(-4))/((-18)/48). Suppose -8 = r*f - 4*f. Suppose -4*k = f*b - 96, 0 = k - 4*k + 5*b + 112. List the prime factors of k.
29
Let c = 60 - 81. List the prime factors of c*1*66/(-9).
2, 7, 11
Suppose -7741 = -26*n - 2801. List the prime factors of n.
2, 5, 19
Suppose 12*z = 181760 - 21740. Suppose 4*p + z = 19*p. List the prime factors of p.
7, 127
Let c be 0 + ((-58)/(-18) - 2/9). Suppose -c*w - 82 = 5. Let s =